) = -f**2 - 9*f. Let j(h) = h**3 - 4*h**2 - 4*h + 11. Suppose 16*z - 20*z = -12. Let l be j(z). Determine v(l).
-10
Let z = -1 - -8. Let o(y) = 27*y + 13. Let s(f) = 9*f + 4. Let h = -57 + 55. Let w(j) = h*o(j) + z*s(j). What is w(-2)?
-16
Suppose w + 0*w = 3. Suppose 0 = 3*r + 3*s + 9, -2*s - 2 = r + w*r. Let b(n) = n - 1. Give b(r).
1
Let s(x) = -2*x**2 - 65*x - 346. Let v be s(-26). Let h(k) = 3*k + 20. Give h(v).
-4
Let u(h) be the second derivative of 2/3*h**3 - 9/2*h**2 + 0 + 24*h. Determine u(7).
19
Let i(b) be the second derivative of -b**3/6 + 5*b**2/2 - 8*b. Suppose -4*v + 1 = -3*p, -v - 23 = 4*p - 2*v. Let o be (-16)/56 - 30/p. What is i(o)?
1
Suppose -2*d + 4 = -x, -2 + 14 = 6*d. Let c(o) = -o**2 + 20. Determine c(x).
20
Let r(b) = -b**3 - 4*b**2 + 9*b - 12. Let p be r(-6). Let j(a) = -8*a**2 - a - 5. Let y(u) = 15*u**2 + 2*u + 9. Let v(n) = p*y(n) + 11*j(n). Give v(-2).
5
Let c(n) be the first derivative of -n**2 - n + 2. Suppose 14 = -o - o - 2*g, -3*o = 4*g + 17. Let d = 9 + o. Determine c(d).
3
Let w(s) = -2*s - 15. Let c(d) = -1. Suppose y + o = 0, 0 = -3*o - o + 4. Let q be (y - -6)/(-14 - -13). Let n(m) = q*c(m) + w(m). What is n(-7)?
4
Let p(o) = -29*o + 221. Let h be p(8). Let t(c) = -4*c**2 + 3*c**2 - 12*c + 5 - 20. Give t(h).
-4
Let j(f) = -f**3 - 14*f**2 - 4*f - 18. Let n be j(-14). Let k = 36 - n. Let v(s) = 2*s**2 + 3*s + 3. Determine v(k).
5
Suppose -216 = 40*p - 13*p. Let a(s) = s**2 + 3*s + 6. Calculate a(p).
46
Let n(h) be the third derivative of -h**6/120 + h**5/12 + 3*h**4/8 - 7*h**3/6 - 2*h**2 - 52*h. Determine n(6).
11
Let x(z) be the third derivative of 4*z**2 + 1/12*z**4 - 1/6*z**3 - 1/120*z**6 + 1/20*z**5 + 0 + 0*z. Let h be 124 + -117 + -1*4 + 1. Determine x(h).
-9
Let s(k) = -k**3 - 6*k**2 - 4*k - 3. Let x(d) = -d**2 - 2*d + 5. Let c be x(-4). Let o be c + 2*(-3 + 6). Suppose 5*a + o = -22. Determine s(a).
-8
Suppose -2 = 2*y + 2*d, 3*y = 3*d + 8 - 11. Let b(v) = 29*v - 1. What is b(y)?
-30
Let v(w) be the second derivative of 43*w**4/12 - w**2/2 - 428*w. What is v(1)?
42
Let b = 10 - 7. Suppose 2*f = b*f + 5. Let t(c) = -2*c - 7. Determine t(f).
3
Let i(j) be the first derivative of j**4/4 - j**3 - 4*j**2 + 3*j - 1. Let t be 302 + -288 - (-1 - -10). Give i(t).
13
Let q(m) = -13*m**2 + 5*m + 11*m**2 + 3*m**2 + 1 + 5. Determine q(-5).
6
Let w(v) = -2*v - 2. Let i be (-1)/((-4)/4) - 0. Let t = -4 - 6. Let q be t/(i + (1 - 0)). Determine w(q).
8
Suppose 17 = 3*d + 2*s, -5*d = -5*s - 0 - 20. Suppose z = 2*p + 12, 2*z + d*p + 4 = -2*z. Let v(g) = -g - 3. Give v(z).
-7
Let p(m) = -7*m - 24. Let y(n) = -11*n - 35. Let o(w) = 8*p(w) - 5*y(w). What is o(-11)?
-6
Let y(k) = k + 23. Let w be y(-8). Suppose 0 = s - 3*n - w, 6*s - 3*s - 3*n - 21 = 0. Let b(v) = v**2 + 3 + 5*v + 3 + s*v + 0*v**2. Determine b(-7).
-1
Suppose 1 = 2*m - 3*m. Let q(c) = -4*c**3 - 4*c**2 + 2*c + 1. Let r(d) = d**3 + d**2. Let g(k) = -q(k) - 5*r(k). Give g(m).
1
Let w(y) = 2*y**3 + 7*y**2 - 29*y + 4. Let o be w(-6). Let q(j) = -j**3 - 3*j**2 - 3*j + 3. What is q(o)?
5
Let h(x) = x**3 + 2*x**2 + 2*x + 2. Let f be h(-2). Let n be 1/2 + (-21)/(-14). Let c(k) = -8 - k**n + 4 + 3 - k. Calculate c(f).
-3
Let q(z) = -13*z - 17. Let y(f) = -6*f - 19 + 9 + 2. Let s(i) = 3*q(i) - 7*y(i). Calculate s(6).
23
Let o(u) = 4*u**3 - 3*u**2 - u - 7. Let c(i) = 9*i**3 - 6*i**2 - 2*i - 16. Let x(b) = -3*c(b) + 7*o(b). Let k be 1*6/9*3. What is x(k)?
-7
Let k(g) = -20*g**2 - 2*g + 23. Let a(u) = -11*u**2 - 2*u + 12. Let s(r) = 11*a(r) - 6*k(r). Give s(-6).
18
Let f(j) = j**2 + 2 - 2 - 1 - 7*j. Let x = 601 - 595. Give f(x).
-7
Let s(o) = -7*o - 1. Let k(m) = -8*m - 1. Let i(d) = -d**2 + 8*d - 2. Let b be i(7). Let l(p) = b*k(p) - 4*s(p). Suppose 0 = -5*j - 6 + 1. Calculate l(j).
11
Let q = 2419 - 2414. Let w(m) = -m**2 + m + 17. Give w(q).
-3
Let i(q) = -2*q**2 + 7*q - 18. Let o(x) = -2*x**2 + 8*x - 21. Let t(v) = -6*i(v) + 5*o(v). What is t(5)?
43
Let c = -7 + 10. Let b(j) = -87*j**2 + 45*j**2 + 42*j**2 - j - j**c + 15. What is b(0)?
15
Suppose -9 = -24*o + 27*o. Let h(a) be the second derivative of a**2/2 + 3*a. Let s(d) = 2*d**2 + 3*d. Let q(x) = -4*h(x) + s(x). Determine q(o).
5
Let v(j) = -20*j - 5. Let t(p) = 11*p + 2. Let i(w) = 5*t(w) + 3*v(w). What is i(-1)?
0
Let f(a) = 1 + 0*a - 5*a + 4*a + 0*a. Suppose -2*h - 20 = 3*h. Let r be ((-8)/32)/((-1)/h). Calculate f(r).
2
Suppose -5*a + 11 = -9. Let y(t) = 6*t + 4. Calculate y(a).
28
Let y(v) = v**2 + v - 4. Let j(f) = -2*f**2 - 9*f + 10. Let r(x) = j(x) + 3*y(x). What is r(6)?
-2
Let g(c) = -c**2 + 6*c + 9. Let k be (-1 - -1)*(7 + -6). Suppose k = -0*n - 5*n + 35. Let a be g(n). Let t(b) = -2*b - 2. What is t(a)?
-6
Let s(p) = -2*p**2 + 2*p. Suppose -3*h = -6, 10 = d - 0*d + 5*h. Suppose d = -5*b - 0*r + 2*r, -17 = 4*b - 5*r. Calculate s(b).
-4
Let d(h) = -h**3 - 6*h**2 - 3*h. Let f(v) = -7*v - 67. Let l be f(-9). Determine d(l).
-20
Suppose -3 = -3*j + 4*a, -a = -2*j - 2 + 9. Let r(u) = u + 1. Let g(q) = q + 1. Let c(v) = 7*g(v) - 6*r(v). Determine c(j).
6
Let i(s) = 0*s - 1 + 0*s - s. Let l = 90 + -90. Let v be i(l). Let x(c) = 15*c**3 - c**2 + 1. Calculate x(v).
-15
Let r(n) = -10*n**2 + 7*n + 5. Let y(s) = -4*s**2 + 4*s + 3. Let x(w) = -3*r(w) + 7*y(w). Give x(-4).
10
Let k = 9 - 6. Let s(u) = -u + k*u + 2 - u - 3. Let r = 81 + -85. Calculate s(r).
-5
Let t(x) = -2*x + 1. Suppose -6 = 5*s - 1. Give t(s).
3
Suppose 5*x + 4 = 4*x. Let y(t) be the second derivative of t**3/6 + 3*t**2 - 2*t + 101. What is y(x)?
2
Let k(j) = 139*j - 1. Let b(y) = 259*y - 2. Let o(c) = -b(c) + 2*k(c). Let h(w) = w**2 - 4*w + 1. Let x be h(4). What is o(x)?
19
Suppose y + 11 = 3*u, u = -0*y - 4*y - 18. Let l(b) be the third derivative of -1/12*b**4 + 0*b + b**u + 0 - b**3. Calculate l(-5).
4
Let v = -2980 - -2982. Let z(k) = 5*k**2 + k - 1. Determine z(v).
21
Suppose -t - 4*x + 2 - 1 = 0, -15 = -2*t + 5*x. Suppose -3*q - q + h = -t, 0 = 4*q - 2*h - 10. Let m(r) = -6*r - 1 + q + 3*r + 2*r - 7*r**3. What is m(-1)?
7
Let z(d) = -107*d - 13. Let m(f) = 58*f + 7. Let s(i) = -11*m(i) - 6*z(i). Determine s(1).
5
Suppose -3 = -4*d + 1. Let j(x) be the first derivative of -6 + 3/2*x**2 - x - 1/3*x**3. Determine j(d).
1
Let c(h) = h**2 + 8*h + 4. Let l be 1/5 + (-63)/15. Let y be 8/l + 1 + -6. What is c(y)?
-3
Let i(l) = 2*l + 15. Let g(c) = c + 14. Let w be g(-23). Calculate i(w).
-3
Let d(x) = -3*x. Let h(t) = 2*t. Let r(k) = 5*d(k) + 9*h(k). Let y be (-3)/(33/(-20)) - (-20)/110. Determine r(y).
6
Let f be -10*1 - (34 + -37) - -6. Let n(y) = -9*y**2 - y - 2. Calculate n(f).
-10
Let w(z) = -z**3 - z**2 + z + 41. Let f be ((-2)/2)/(52/13)*0. Give w(f).
41
Let b(q) = -q - 2. Suppose d - 10 = -4*f, -3*d - 50 = -5*f + f. Let x = d - -8. What is b(x)?
0
Let n(c) = -c**2 + 5*c - 6. Let k be n(4). Suppose -q + 16*q = 30. Let p(y) = -17*y**3 + 35*y**3 + 2*y + 4*y**q - 17*y**3 - 2. What is p(k)?
2
Let h(s) = -s**2 - s - 8. Let y be 16/40 - (-1 - (-156)/(-10)). Let w = 17 - y. Calculate h(w).
-8
Let h(g) = 10*g**3 - 6*g**2 + 9*g - 1. Let c(f) = -11*f**3 + 5*f**2 - 7*f + 1. Let q(l) = -5*c(l) - 4*h(l). Determine q(-1).
-16
Let r(a) = -a - 3. Let l(j) = -j - 15. Let y be -3 - (0 - 3) - -4. Suppose -y*b - 19 - 41 = 0. Let v be l(b). Give r(v).
-3
Let y(g) = -10 + 29*g**2 + 35*g**2 - 47*g - 97*g**2 + 36*g**2. What is y(16)?
6
Let u(n) be the second derivative of -n**3/6 + 3*n**2/2 + 38*n. Determine u(-4).
7
Let g = 102 + -100. Let p(a) = g*a - 9 + 13 - 4*a - 6. Calculate p(2).
-6
Let i(p) = p**3 - 10*p**2 + 8*p + 10. Let r be i(8). Let x = r + 55. Let w(y) = y - 1. Calculate w(x).
0
Let c(j) = 3*j**3 - j**2 + 1. Let t(n) = -17*n**3 + 12*n**2 - 2*n - 16. Let q(p) = 6*c(p) + t(p). Determine q(-6).
2
Let w(l) = -4*l. Suppose -12*r - 2*r = 28. Calculate w(r).
8
Let q = -10 - -25. Suppose -7 + q = 4*b. Let h(o) = -10 + 5 + 0 - o**3 + 5*o**2 + 2 + b*o. Determine h(5).
7
Let u(v) = -v**3 + 6*v**2 - 5*v. Let j(l) = l**2 + 11*l + 3. Let a be j(-6). Let z = a + 31. Determine u(z).
12
Let m(c) = 0*c + 19*c**3 - 2*c**2 - 9*c**3 - 6*c**3 - 3*c**3 - 5*c + 3. Give m(3).
-3
Let t(w) = 2*w**3 + 3*w**2. Let v(f) = -f**3 - 4*f**2 + 3*f + 1. Let l be v(-5). Let r(p) = -p**2 + 13*p - 24. Let a be r(l). Determine t(a).
-4
Let z(h) be the second derivative of -h**4/1